{"id":300,"date":"2011-04-20T12:00:24","date_gmt":"2011-04-20T12:00:24","guid":{"rendered":"http:\/\/eric.univ-lyon2.fr\/~jdarmont\/wp\/?page_id=300"},"modified":"2025-07-23T19:21:56","modified_gmt":"2025-07-23T17:21:56","slug":"experience-anterieure","status":"publish","type":"page","link":"https:\/\/eric.univ-lyon2.fr\/jdarmont\/?page_id=300","title":{"rendered":"Exp\u00e9rience ant\u00e9rieure"},"content":{"rendered":"<p><a href=\"https:\/\/eric.univ-lyon2.fr\/jdarmont\/wp-content\/uploads\/2011\/05\/icon-teaching.png\"><img loading=\"lazy\" decoding=\"async\" src=\"https:\/\/eric.univ-lyon2.fr\/jdarmont\/wp-content\/uploads\/2011\/05\/icon-teaching.png\" alt=\"Enseignement-Teaching\" title=\"icon-teaching\" width=\"64\" height=\"64\" class=\"alignright size-full wp-image-551\" \/><\/a><\/p>\n<h3><a href=\"https:\/\/www.univ-lyon2.fr\">Universit&eacute; Lyon 2<\/a><\/h3>\n<ul>\n<li><a href=\".\/?page_id=8566\">S\u00e9minaires de recherche et ateliers techniques<\/a> : M2 IDSM-Kharkiv (2020-2025)<\/li>\n<li><a href=\".\/?page_id=3144\">Big data management<\/a> : M2 MALIA (2017-2024)<\/li>\n<li><a href=\".\/?page_id=3135\">Algorithmique et programmation<\/a> : M1 HN (2016-2024)<\/li>\n<li><a href=\".\/?page_id=8207\">Initiation \u00e0 la recherche<\/a> : M1 IDSM-Kharkiv (2022-2024)<\/li>\n<li><a href=\".\/?page_id=3604\">Bases de donn\u00e9es avanc\u00e9es<\/a> : M1 IDSM-Kharkiv (2017-2024)<\/li>\n<li><a href=\".\/?page_id=8056\">Traitement de donn\u00e9es<\/a> : L2 Informatique (2022-2023)<\/li>\n<li>Travail d&rsquo;\u00e9tudes et de recherche (TER) : M1-M2 IDSM-Kharkiv (2016-2022) &#8211; <span style=\"font-size: 10pt\"><a href=\".\/?page_id=4016\">Coordination<\/a><\/span><\/li>\n<li>Bases de donn\u00e9es : M1 Humanit\u00e9s Num\u00e9riques (2016-2022) &#8211; <span style=\"font-size: 10pt\"><a href=\".\/?page_id=3139\">Cours + TD<\/a><\/span><\/li>\n<li>Bases de donn\u00e9es\/Databases : Ma\u00eetrise d&rsquo;&Eacute;conomie, M1 &Eacute;conomie et Management, M1 &Eacute;conomie Sociale, M1 Monnaie-Banque-Finance-Actuariat (1999-2020) &#8211; <span style=\"font-size: 10pt\"><a href=\".\/?page_id=447\">Cours + TD<\/a><\/span><\/li>\n<li>Programmation Web : M1 IDSM-Kharkiv (2005-2017) &#8211; <span style=\"font-size: 10pt\"><a href=\".\/?page_id=449\">Cours + TD corrig&eacute;s<\/a><\/span><\/li>\n<li>Semi-structured data &amp; XML : M1 Informatique (2011-2016) &#8211; <span style=\"font-size: 10pt\"><a href=\".\/?page_id=455\">Lecture&rsquo;s slides + labworks&rsquo; texts<\/a><\/span><\/li>\n<li>Database programming : M1 Informatique (2011-2016) &#8211; <span style=\"font-size: 10pt\"><a href=\".\/?page_id=451\">Lecture&rsquo;s slides + labworks&rsquo; texts<\/a><\/span><\/li>\n<li>Entreposage et fouille de donn\u00e9es complexes : M2 ECD (2004-2016 une ann\u00e9e sur deux) &#8211; <span style=\"font-size: 10pt\"><a href=\".\/?page_id=436\">Cours<\/a><\/span><\/li>\n<li>Conception de sites web : L1 IDEA (2006-2016) &#8211; <span style=\"font-size: 10pt\"><a href=\".\/?page_id=440\">Cours + TD corrig&eacute;s<\/a><\/span><\/li>\n<li>Complex data warehouses : M1 DMKM (2010-2015) &#8211; <span style=\"font-size: 10pt\"><a href=\".\/?page_id=457\">Lecture&rsquo;s slides + labworks<\/a><\/span><\/li>\n<li>Bases de donn\u00e9es objets : DESS puis M2 IIDEE (2000-2012) &#8211; <span style=\"font-size: 10pt\"><a href=\".\/?page_id=459\">Cours + TD corrig&eacute;s<\/a><\/span><\/li>\n<li>Syst\u00e8me d&rsquo;exploitation UNIX &amp; langage C : Licence IUP ISEA puis L3 IDS (2000-2012) &#8211; <span style=\"font-size: 10pt\"><a href=\".\/?page_id=442\">Cours + TD corrig&eacute;s<\/a><\/span><\/li>\n<li>Langages de requ\u00eates : IUP ISEA puis M1 Informatique (2000-2011) &#8211; <span style=\"font-size: 10pt\"><a href=\".\/?page_id=472\">Cours + TD corrig&eacute;s<\/a><\/span><\/li>\n<li>Bases de donn\u00e9es : M1 IDSM-Kharkiv (2006-2007) &#8211; <span style=\"font-size: 10pt\"><a href=\".\/?page_id=432\">Cours + TD corrig&eacute;s<\/a><\/span><\/li>\n<li>Informatique appliqu\u00e9e &#8211; Tableur &amp; programmation : L3 Sciences &Eacute;conomiques et Gestion (1999-2006) &#8211; <span style=\"font-size: 10pt\"><a href=\".\/?page_id=425\">&Eacute;l\u00e9ments de cours-TD<\/a><\/span><\/li>\n<li>Bases de donn\u00e9es : DESS SISE (1999-2004) &#8211; <span style=\"font-size: 10pt\"><a href=\".\/?page_id=417\">Cours<\/a><\/span><\/li>\n<li>Advanced databases : Maitrise ISEA (2002-2004) &#8211; <span style=\"font-size: 10pt\"><a href=\".\/?page_id=320\">Mini-cours en anglais<\/a><\/span><\/li>\n<li>Syst\u00e8mes d&rsquo;information d\u00e9cisionnels : DEA ECD (2002-2004)<\/li>\n<li>Introduction aux Bases de donn\u00e9es : Ma&icirc;trise Sciences Cognitives (1999-2003) &#8211; <span style=\"font-size: 10pt\"><a href=\".\/?page_id=412\">Cours + TD corrig&eacute;s + Annales<\/a><\/span><\/li>\n<li>Algorithmique et programmation Visual Basic : DEUG &Eacute;conomie Gestion (1999-2001) &#8211; <span style=\"font-size: 10pt\"><a href=\".\/?page_id=407\">Cours + TD corrig&eacute;s + Annales<\/a><\/span><\/li>\n<li>Visual Basic et Bases de donn&eacute;es : Ma&icirc;trise Sciences &Eacute;conomiques (2000-2001) &#8211; <span style=\"font-size: 10pt\"><a href=\".\/?page_id=392\">Cours + TD corrig&eacute;s<\/a><\/span><\/li>\n<li>Programmation Delphi : Ma&icirc;trise d&rsquo;&Eacute;conom&eacute;trie (1999-2000) &#8211; <span style=\"font-size: 10pt\"><a href=\".\/?page_id=378\">Cours + TD corrig&eacute;s<\/a><\/span><\/li>\n<li><a href=\".\/?page_id=135#M\">Encadrement<\/a> de stages et de projets (IUP ISEA, DESS SISE, DESS IIDEE, DEA ECD, puis IUP IDS et Master d&rsquo;Informatique<\/li>\n<\/ul>\n<h3 id=\"upc\"><a href=\"http:\/\/www.upc.edu\">Universitat Polit\u00e8cnica de Catalunya<\/a>, Barcelona<\/h3>\n<ul>\n<li>Self-service business intelligence: Erasmus Mundus Master&rsquo;s Programme in Information Technologies for Business Intelligence (<a href=\"https:\/\/web.archive.org\/web\/20151204144533\/http:\/\/it4bi.univ-tours.fr:80\/\">IT4BI<\/a>) &#8211; <span style=\"font-size: 10pt\"><a href=\".\/docs\/old\/self-service-BI-UPC2017.pdf\">Transparents<\/a><\/span><\/li>\n<\/ul>\n<h3><a href=\"http:\/\/www.mines-stetienne.fr\">\u00c9cole des Mines de Saint-\u00c9tienne<\/a><\/h3>\n<ul>\n<li>Entrep\u00f4ts de donn\u00e9es : Deuxi&egrave;me ann&eacute;e d&rsquo;Ing&eacute;nieur (2014-2016) &#8211; <span style=\"font-size: 10pt\"><a href=\".\/?page_id=2519\">Cours + TP<\/a><\/span><\/li>\n<\/ul>\n<h3><a href=\"http:\/\/www.univ-lyon1.fr\">Universit&eacute; Claude Bernard Lyon 1<\/a><\/h3>\n<ul>\n<li>Bases de donn\u00e9es et Data mining : Deuxi&egrave;me ann&eacute;e d&rsquo;Ing&eacute;nieur ISTIL MCS (2005) &#8211; <span style=\"font-size: 10pt\"><a href=\".\/?page_id=373\">Cours + TP<\/a><\/span><\/li>\n<li>Bases de Donn&eacute;es, Oracle : Licence d&rsquo;Informatique (1999-2003)<\/li>\n<\/ul>\n<h3><a href=\"https:\/\/www.uca.fr\/\">Universit&eacute; Blaise Pascal Clermont-Ferrand II<\/a> (1996-1999)<\/h3>\n<ul>\n<li>Bases de Donn&eacute;es : DEUG MIAS, Licence d&rsquo;Informatique, Ma&icirc;trise d&rsquo;Informatique,<br \/>\n\tDeuxi&egrave;me ann&eacute;e d&rsquo;Ing&eacute;nieur <a href=\"https:\/\/www.polytech-reseau.org\/polytech-clermont\/\">CUST<\/a> GMM et <a href=\"http:\/\/www.isima.fr\/\">ISIMA<\/a> &#8211; <span style=\"font-size: 10pt\"><a href=\".\/?page_id=370\">TP corrig&eacute;s<\/a><\/span><\/li>\n<li>G&eacute;nie Logiciel : Ma&icirc;trise d&rsquo;Informatique<\/li>\n<li>Fichiers et Organisations physiques : DEUG MIAS &#8211; <span style=\"font-size: 10pt\"><a href=\".\/?page_id=367\">TD\/TP corrig&eacute;s<\/a><\/span><\/li>\n<li>Langage Pascal : DEUG MIAS<\/li>\n<li>Bureautique : DEUG MIAS &amp; SVSN &#8211; <span style=\"font-size: 10pt\"><a href=\".\/?page_id=364\">&Eacute;nonc&eacute;s de TP<\/a><\/span><\/li>\n<li><a href=\".\/?page_id=135#M\">Encadrement\/co-encadrement<\/a> de stages (DEA d&rsquo;Informatique) et de projets (Ma&icirc;trise d&rsquo;Informatique, 2&egrave;me et 3&egrave;me ann&eacute;e <a href=\"http:\/\/www.isima.fr\/\">ISIMA<\/a>)<\/li>\n<\/ul>\n<h3><a href=\"http:\/\/www.cnam.fr\">CNAM<\/a> Clermont-Ferrand (1997-1998)<\/h3>\n<ul>\n<li>Bases de Donn&eacute;es : Cycle A &#8211; <span style=\"font-size: 10pt\"><a href=\".\/?page_id=351\">Support de cours<\/a><\/span><\/li>\n<li>Programmation et Validation des Applications Concurrentes (R&eacute;seaux de Petri) : Cycle B &#8211; <span style=\"font-size: 10pt\"><a href=\".\/?page_id=346\">Plan de cours + exercices corrig&eacute;s<\/a><\/span><\/li>\n<li>Encadrement d&rsquo;un auditeur en ann&eacute;e &agrave; temps complet<\/li>\n<\/ul>\n<h3>Formations en entreprise<\/h3>\n<ul>\n<li>Formation Oracle\/SQL*Plus &agrave; la Mairie de Bourg-en-Bresse pour le compte de l&rsquo;association GERMINAL-ICTHUS (mai 1999)<\/li>\n<\/ul>\n","protected":false},"excerpt":{"rendered":"<p>Universit&eacute; Lyon 2 S\u00e9minaires de recherche et ateliers techniques : M2 IDSM-Kharkiv (2020-2025) Big data management : M2 MALIA (2017-2024) Algorithmique et programmation : M1 HN (2016-2024) Initiation \u00e0 la recherche : M1 IDSM-Kharkiv (2022-2024) Bases de donn\u00e9es avanc\u00e9es : M1 IDSM-Kharkiv (2017-2024) Traitement de donn\u00e9es : L2 Informatique (2022-2023) Travail d&rsquo;\u00e9tudes et de recherche\u2026 <span class=\"read-more\"><a href=\"https:\/\/eric.univ-lyon2.fr\/jdarmont\/?page_id=300\">Read More &raquo;<\/a><\/span><\/p>\n","protected":false},"author":7,"featured_media":0,"parent":47,"menu_order":200,"comment_status":"closed","ping_status":"open","template":"","meta":{"footnotes":"","_links_to":"","_links_to_target":""},"class_list":["post-300","page","type-page","status-publish","hentry"],"_links":{"self":[{"href":"https:\/\/eric.univ-lyon2.fr\/jdarmont\/index.php?rest_route=\/wp\/v2\/pages\/300","targetHints":{"allow":["GET"]}}],"collection":[{"href":"https:\/\/eric.univ-lyon2.fr\/jdarmont\/index.php?rest_route=\/wp\/v2\/pages"}],"about":[{"href":"https:\/\/eric.univ-lyon2.fr\/jdarmont\/index.php?rest_route=\/wp\/v2\/types\/page"}],"author":[{"embeddable":true,"href":"https:\/\/eric.univ-lyon2.fr\/jdarmont\/index.php?rest_route=\/wp\/v2\/users\/7"}],"replies":[{"embeddable":true,"href":"https:\/\/eric.univ-lyon2.fr\/jdarmont\/index.php?rest_route=%2Fwp%2Fv2%2Fcomments&post=300"}],"version-history":[{"count":69,"href":"https:\/\/eric.univ-lyon2.fr\/jdarmont\/index.php?rest_route=\/wp\/v2\/pages\/300\/revisions"}],"predecessor-version":[{"id":8930,"href":"https:\/\/eric.univ-lyon2.fr\/jdarmont\/index.php?rest_route=\/wp\/v2\/pages\/300\/revisions\/8930"}],"up":[{"embeddable":true,"href":"https:\/\/eric.univ-lyon2.fr\/jdarmont\/index.php?rest_route=\/wp\/v2\/pages\/47"}],"wp:attachment":[{"href":"https:\/\/eric.univ-lyon2.fr\/jdarmont\/index.php?rest_route=%2Fwp%2Fv2%2Fmedia&parent=300"}],"curies":[{"name":"wp","href":"https:\/\/api.w.org\/{rel}","templated":true}]}}