{"id":3867,"date":"2018-02-03T17:16:05","date_gmt":"2018-02-03T15:16:05","guid":{"rendered":"https:\/\/eric.univ-lyon2.fr\/~jdarmont\/?page_id=3867"},"modified":"2025-12-04T09:02:10","modified_gmt":"2025-12-04T07:02:10","slug":"vulgarisation","status":"publish","type":"page","link":"https:\/\/eric.univ-lyon2.fr\/jdarmont\/?page_id=3867","title":{"rendered":"M\u00e9diation scientifique"},"content":{"rendered":"<p><a href=\"https:\/\/eric.univ-lyon2.fr\/jdarmont\/?attachment_id=5507\" rel=\"attachment wp-att-5507\"><img loading=\"lazy\" decoding=\"async\" src=\"https:\/\/eric.univ-lyon2.fr\/jdarmont\/wp-content\/uploads\/2021\/09\/family-icon.png\" alt=\"family-icon\" width=\"64\" height=\"64\" class=\"alignright size-full wp-image-5507\" \/><\/a><\/p>\n<ul>\n<li>2024&nbsp;: <a href=\"https:\/\/www.linkedin.com\/feed\/update\/urn%3Ali%3Aactivity%3A7268203303094599680\/?midToken=AQGM-gpJlR94PQ&#038;midSig=2z2NVvwM5xIrw1&#038;trk=eml-email_notification_single_mentioned_you_in_this_01-hero_notification_cta-0-1ep~cta&#038;trkEmail=eml-email_notification_single_mentioned_you_in_this_01-hero_notification_cta-0-1ep~cta-null-1g049q~m42kzvdv~vi-null-null&#038;eid=1g049q-m42kzvdv-vi\">L&rsquo;Universit\u00e9 s&rsquo;invite dans mon quartier<\/a>, <a href=\"https:\/\/afev.org\/auvergne-rhone-alpes\/grand-lyon\">AFEV Grand Lyon<\/a> (intervenant)<\/li>\n<li>2024&nbsp;: Journ\u00e9e d&rsquo;\u00e9tude \u00ab\u00a0<a href=\"https:\/\/www.msh-lse.fr\/lintelligence-artificielle-et-la-recherche-en-shs\/\">L&rsquo;Intelligence artificielle et la recherche en SHS<\/a>\u00a0\u00bb &#8211; Pr\u00e9sentation du <a href=\".\/wp-content\/uploads\/2024\/11\/DataLAC-journee-IA-SHS-MSH-LSE_v2.pdf\">projet DataLAC<\/a> &#8211; Participation \u00e0 la Table ronde <em>L&rsquo;IA comme vecteur de nouvelles probl\u00e9matiques scientifiques et soci\u00e9tales&nbsp;?<\/em> &#8211; <a href=\"https:\/\/25images.msh-lse.fr\/intelligence-artificielle-recherche-shs\/video\/reportage_journee-ia-msh\/\">Vid\u00e9o<\/a>, MSH Lyon-Saint-&Eacute;tienne<\/li>\n<li>2023&nbsp;: \u00ab\u00a0La recherche \u00e0 l&rsquo;\u00e9preuve des donn\u00e9es\u00a0\u00bb, <a href=\"https:\/\/www.univ-lyon2.fr\/recherche\/agenda-scientifique\/50ans-data-shs\">Conf\u00e9rence<\/a> <em>50 ans de traitement des donn\u00e9es avec et pour les SHS<\/em>, Universit\u00e9 Lyon 2<\/li>\n<li>2023&nbsp;: Participation \u00e0 la <a href=\"https:\/\/www.fetedelascience.fr\/auvergne-rhone-alpes-fete-la-science\">F\u00eate de la Science<\/a>, intervention au <a href=\"https:\/\/georges-brassens.ent.auvergnerhonealpes.fr\/\">lyc\u00e9e George Brassens<\/a> de Rive de Gier (public&nbsp;: premi\u00e8res, terminales, BTS)<\/li>\n<li>2023&nbsp;: Participation \u00e0 la <a href=\"https:\/\/www.larotonde-sciences.com\/cest-au-programme\/nuit-europeenne-des-chercheur-es-2023\/\">Nuit europ\u00e9enne des chercheur&middot;es<\/a> (animation \u00ab\u00a0Speed Searching\u00a0\u00bb)<\/li>\n<li>2023-2024&nbsp;: Mentor <a href=\"https:\/\/savanturiers.afper.org\/\">Savanturiers du Num\u00e9rique et des Technologies<\/a> (CM2 \u00e9cole Maryse Basti\u00e9, Tours) &#8211; projet interrompu fin f\u00e9vrier 2024<\/li>\n<li>2023&nbsp;: Intervention au <a href=\"https:\/\/jean-puy.ent.auvergnerhonealpes.fr\/\">lyc\u00e9e Jean Puy<\/a> de Roanne dans 4 classes de seconde, via le dispositif 1 Scientifique &#8211; 1 Classe&nbsp;: Chiche&nbsp;!<\/li>\n<li>2023&nbsp;: Intervention avec <a href=\"https:\/\/eric.univ-lyon2.fr\/sabine\/\">Sabine Loudcher<\/a> au <a href=\"https:\/\/condorcet.ent.auvergnerhonealpes.fr\/\">lyc\u00e9e Condorcet<\/a> de Saint-Priest dans deux classes de seconde et un groupe de terminales, via le dispositif 1 Scientifique &#8211; 1 Classe&nbsp;: Chiche&nbsp;!<\/li>\n<li>2022&nbsp;: Participation \u00e0 la <a href=\"https:\/\/www.larotonde-sciences.com\/cest-au-programme\/nuit-chercheurs-2022\/\">Nuit europ\u00e9enne des chercheur&middot;es<\/a> (animation \u00ab\u00a0Faites vos jeux\u00a0\u00bb)<\/li>\n<li>2022&nbsp;: Cours <a href=\".\/wp-content\/uploads\/2022\/03\/cm-dataface.pdf\">Data Face ! Tout savoir sur les donn\u00e9es<\/a> \u00e0 destination de lyc\u00e9en&middot;nes, Journ\u00e9es de l&rsquo;enseignement sup\u00e9rieur, <a href=\"https:\/\/www.univ-lyon2.fr\">Universit\u00e9 Lyon 2<\/a><\/li>\n<li>2021&nbsp;: Participation \u00e0 la <a href=\"https:\/\/www.larotonde-sciences.com\/cest-au-programme\/nuit-chercheurs-2021\/\">Nuit europ\u00e9enne des chercheur&middot;es<\/a> (intervention au lyc\u00e9e Diderot de Lyon dans deux classes de premi\u00e8re)<\/li>\n<li>2021&nbsp;: Pr\u00e9sentation du projet \u00ab\u00a0Intelligence artificielle et analyse d\u2019un lac de donn\u00e9es num\u00e9riques de formats et contenus fortement h\u00e9t\u00e9rog\u00e8nes pour l\u2019arch\u00e9ologie\u00a0\u00bb, <a href=\"https:\/\/www.univ-lyon2.fr\/recherche\/magazine\/numero-2\">RchRch, le magazine de la recherche de l&rsquo;Universit\u00e9 Lumi\u00e8re Lyon 2, No.&nbsp;2<\/a> (<a href=\"https:\/\/www.archeorient.mom.fr\/annuaire\/girard-jean-pierre\">co\u00e9crit avec Jean-Pierre Girard<\/a>)<\/li>\n<li>2020-2021&nbsp;: Mentor <a href=\"https:\/\/les-savanturiers.cri-paris.org\/a-propos\/presentation\/\">Savanturiers du num\u00e9rique<\/a> (CE2 \u00e9cole Les Marronniers, Meaux)<\/li>\n<li>2020&nbsp;: Participation \u00e0 la <a href=\"https:\/\/www.larotonde-sciences.com\/cest-au-programme\/nuit-chercheurs-2020\/\">Nuit europ\u00e9enne des chercheur&middot;es<\/a> (<em>speed-searching<\/em> national&nbsp;: rencontres express avec des chercheur&middot;es)<\/li>\n<li>2020&nbsp;: Participation \u00e0 la <a href=\"https:\/\/www.fetedelascience.fr\/l-intelligence-artificielle-en-sciences-humaines-sociales\">F\u00eate de la Science<\/a> : <a href=\"https:\/\/zenodo.org\/record\/4108344#.X47cxNAzaUk\">Les Data Lakes comme Approche d&rsquo;Organisation de l&rsquo;Information<\/a> &#8211; <a href=\"https:\/\/www.youtube.com\/watch?v=rjKI46Z422g\">Vid\u00e9o<\/a> (1re capsule)<\/li>\n<li>2019-2020&nbsp;: Mentor <a href=\"https:\/\/les-savanturiers.cri-paris.org\/a-propos\/presentation\/\">Savanturiers du num\u00e9rique\/du climat<\/a> (4e4 coll\u00e8ge Jean Vilar, Ch\u00e2lon-sur-Sa\u00f4ne)<\/li>\n<li>2018-2019&nbsp;: Mentor <a href=\"https:\/\/les-savanturiers.cri-paris.org\/a-propos\/presentation\/\">Savanturiers des villes<\/a> (deux 4e coll\u00e8ge Verrazane, Lyon 9e)<\/li>\n<li>2017-2018&nbsp;: Mentor <a href=\"https:\/\/les-savanturiers.cri-paris.org\/a-propos\/presentation\/\">Savanturiers du num\u00e9rique<\/a> (<a href=\"https:\/\/savanturiersdunumerique.wordpress.com\/category\/projets-20172018\/ney-projets-20172018\/\">CM2 \u00e9cole de Ney<\/a>)\n<ul>\n<li>2018&nbsp;: Pariticipation au <a href=\"https:\/\/les-savanturiers.cri-paris.org\/congres-savanturiers-inscriptions-ouvertes\/\">Congr\u00e8s des \u00e9l\u00e8ves de Besan\u00e7on<\/a> (<em>scientific dating<\/em>)<\/li>\n<\/ul>\n<\/li>\n<li>2017&nbsp;: Participation \u00e0 la <a href=\"https:\/\/popsciences.universite-lyon.fr\/agenda\/NDC2017\/\">Nuit europ\u00e9enne des chercheur&middot;es<\/a> (bo\u00eete myst\u00e9rieuse, <em>scientific dating<\/em> enfants\/adultes)<\/li>\n<li>2017&nbsp;: Pr\u00e9sentation des entrep\u00f4ts de donn\u00e9es dans l&rsquo;ouvrage <a href=\"https:\/\/web.archive.org\/web\/20190611165243\/http:\/\/www.cnrseditions.fr:80\/societe\/7429-les-big-data-a-decouvert.html\">Les Big Data \u00e0 d\u00e9couvert<\/a>, CNRS \u00e9ditions (co\u00e9crit avec <a href=\"https:\/\/www.univ-orleans.fr\/lifo\/membres\/marcel\/\">Patrick Marcel<\/a>)<\/li>\n<li>Depuis 2016&nbsp;: Membre de la communaut\u00e9 <a href=\"https:\/\/pixees.fr\/classcode-v2\/\">Class&rsquo;Code<\/a><\/li>\n<li>2014&nbsp;: Sc\u00e9nario du <a href=\"https:\/\/25images.msh-lse.fr\/clip-labo_eric\/video\/clip-labo-eric\/\">clip de pr\u00e9sentation du laboratoire ERIC<\/a><\/li>\n<\/ul>\n","protected":false},"excerpt":{"rendered":"<p>2024&nbsp;: L&rsquo;Universit\u00e9 s&rsquo;invite dans mon quartier, AFEV Grand Lyon (intervenant) 2024&nbsp;: Journ\u00e9e d&rsquo;\u00e9tude \u00ab\u00a0L&rsquo;Intelligence artificielle et la recherche en SHS\u00a0\u00bb &#8211; Pr\u00e9sentation du projet DataLAC &#8211; Participation \u00e0 la Table ronde L&rsquo;IA comme vecteur de nouvelles probl\u00e9matiques scientifiques et soci\u00e9tales&nbsp;? &#8211; Vid\u00e9o, MSH Lyon-Saint-&Eacute;tienne 2023&nbsp;: \u00ab\u00a0La recherche \u00e0 l&rsquo;\u00e9preuve des donn\u00e9es\u00a0\u00bb, Conf\u00e9rence 50 ans de\u2026 <span class=\"read-more\"><a href=\"https:\/\/eric.univ-lyon2.fr\/jdarmont\/?page_id=3867\">Read More &raquo;<\/a><\/span><\/p>\n","protected":false},"author":7,"featured_media":0,"parent":67,"menu_order":610,"comment_status":"closed","ping_status":"closed","template":"","meta":{"footnotes":"","_links_to":"","_links_to_target":""},"class_list":["post-3867","page","type-page","status-publish","hentry"],"_links":{"self":[{"href":"https:\/\/eric.univ-lyon2.fr\/jdarmont\/index.php?rest_route=\/wp\/v2\/pages\/3867","targetHints":{"allow":["GET"]}}],"collection":[{"href":"https:\/\/eric.univ-lyon2.fr\/jdarmont\/index.php?rest_route=\/wp\/v2\/pages"}],"about":[{"href":"https:\/\/eric.univ-lyon2.fr\/jdarmont\/index.php?rest_route=\/wp\/v2\/types\/page"}],"author":[{"embeddable":true,"href":"https:\/\/eric.univ-lyon2.fr\/jdarmont\/index.php?rest_route=\/wp\/v2\/users\/7"}],"replies":[{"embeddable":true,"href":"https:\/\/eric.univ-lyon2.fr\/jdarmont\/index.php?rest_route=%2Fwp%2Fv2%2Fcomments&post=3867"}],"version-history":[{"count":62,"href":"https:\/\/eric.univ-lyon2.fr\/jdarmont\/index.php?rest_route=\/wp\/v2\/pages\/3867\/revisions"}],"predecessor-version":[{"id":9036,"href":"https:\/\/eric.univ-lyon2.fr\/jdarmont\/index.php?rest_route=\/wp\/v2\/pages\/3867\/revisions\/9036"}],"up":[{"embeddable":true,"href":"https:\/\/eric.univ-lyon2.fr\/jdarmont\/index.php?rest_route=\/wp\/v2\/pages\/67"}],"wp:attachment":[{"href":"https:\/\/eric.univ-lyon2.fr\/jdarmont\/index.php?rest_route=%2Fwp%2Fv2%2Fmedia&parent=3867"}],"curies":[{"name":"wp","href":"https:\/\/api.w.org\/{rel}","templated":true}]}}