{"id":47,"date":"2011-03-28T09:56:22","date_gmt":"2011-03-28T09:56:22","guid":{"rendered":"http:\/\/eric.univ-lyon2.fr\/~jdarmont\/wp\/?page_id=47"},"modified":"2025-07-23T19:18:53","modified_gmt":"2025-07-23T17:18:53","slug":"enseignement","status":"publish","type":"page","link":"https:\/\/eric.univ-lyon2.fr\/jdarmont\/?page_id=47","title":{"rendered":"Enseignement"},"content":{"rendered":"<p><a href=\"https:\/\/eric.univ-lyon2.fr\/jdarmont\/wp-content\/uploads\/2011\/05\/icon-teaching.png\"><img loading=\"lazy\" decoding=\"async\" src=\"https:\/\/eric.univ-lyon2.fr\/jdarmont\/wp-content\/uploads\/2011\/05\/icon-teaching.png\" alt=\"Enseignement-Teaching\" title=\"icon-teaching\" width=\"64\" height=\"64\" class=\"alignright size-full wp-image-551\" \/><\/a><\/p>\n<h3>Institut de la communication<\/h3>\n<ul>\n<li><a href=\".\/?page_id=445\">Programmation Web backend<\/a> (L3 Informatique)<\/li>\n<li><a href=\".\/?page_id=3142\">Bases de donn\u00e9es avanc\u00e9es<\/a> (M1 Informatique)<\/li>\n<li><a href=\".\/?page_id=8297\">Bases de donn\u00e9es semi-structur\u00e9es<\/a> (M2 Humanit\u00e9s Num\u00e9riques)<\/li>\n<li><a href=\".\/?page_id=461\">Stages \u00e0 l&rsquo;\u00e9tranger<\/a><\/li>\n<\/ul>\n<h3>Autres activit\u00e9s p\u00e9dagogiques<\/h3>\n<ul>\n<li><a href=\".\/?page_id=300\">Exp\u00e9rience ant\u00e9rieure<\/a><\/li>\n<li>M\u00e9diation\n<ul>\n<li>Lumi\u00e8re sur L&rsquo;Universit\u00e9 2022&nbsp;: cours magistral \u00e0 des \u00e9l\u00e8ves de seconde et de premi\u00e8re &#8211; <a href=\".\/docs\/cm-dataface.pdf\">Transparents du cours<\/a> <a href=\"https:\/\/eric.univ-lyon2.fr\/jdarmont\/?attachment_id=549\" rel=\"attachment wp-att-549\"><img decoding=\"async\" src=\"https:\/\/eric.univ-lyon2.fr\/jdarmont\/wp-content\/uploads\/2011\/05\/icon-pdf.png\" alt=\"PDF\" \/><\/a><\/li>\n<\/ul>\n<\/li>\n<li><a href=\".\/?page_id=293\">Tutorat de moniteurs<\/a><\/li>\n<li>Outils p\u00e9dagogiques\n<ul>\n<li><a title=\"Tutoriel SQL\" href=\"https:\/\/eric.univ-lyon2.fr\/jdarmont\/tutoriel-sql\/\">Tutoriel SQL<\/a><\/li>\n<\/ul>\n<\/li>\n<\/ul>\n","protected":false},"excerpt":{"rendered":"<p>Institut de la communication Programmation Web backend (L3 Informatique) Bases de donn\u00e9es avanc\u00e9es (M1 Informatique) Bases de donn\u00e9es semi-structur\u00e9es (M2 Humanit\u00e9s Num\u00e9riques) Stages \u00e0 l&rsquo;\u00e9tranger Autres activit\u00e9s p\u00e9dagogiques Exp\u00e9rience ant\u00e9rieure M\u00e9diation Lumi\u00e8re sur L&rsquo;Universit\u00e9 2022&nbsp;: cours magistral \u00e0 des \u00e9l\u00e8ves de seconde et de premi\u00e8re &#8211; Transparents du cours Tutorat de moniteurs Outils p\u00e9dagogiques Tutoriel\u2026 <span class=\"read-more\"><a href=\"https:\/\/eric.univ-lyon2.fr\/jdarmont\/?page_id=47\">Read More &raquo;<\/a><\/span><\/p>\n","protected":false},"author":7,"featured_media":0,"parent":0,"menu_order":1000,"comment_status":"closed","ping_status":"open","template":"","meta":{"footnotes":"","_links_to":"","_links_to_target":""},"class_list":["post-47","page","type-page","status-publish","hentry"],"_links":{"self":[{"href":"https:\/\/eric.univ-lyon2.fr\/jdarmont\/index.php?rest_route=\/wp\/v2\/pages\/47","targetHints":{"allow":["GET"]}}],"collection":[{"href":"https:\/\/eric.univ-lyon2.fr\/jdarmont\/index.php?rest_route=\/wp\/v2\/pages"}],"about":[{"href":"https:\/\/eric.univ-lyon2.fr\/jdarmont\/index.php?rest_route=\/wp\/v2\/types\/page"}],"author":[{"embeddable":true,"href":"https:\/\/eric.univ-lyon2.fr\/jdarmont\/index.php?rest_route=\/wp\/v2\/users\/7"}],"replies":[{"embeddable":true,"href":"https:\/\/eric.univ-lyon2.fr\/jdarmont\/index.php?rest_route=%2Fwp%2Fv2%2Fcomments&post=47"}],"version-history":[{"count":60,"href":"https:\/\/eric.univ-lyon2.fr\/jdarmont\/index.php?rest_route=\/wp\/v2\/pages\/47\/revisions"}],"predecessor-version":[{"id":8929,"href":"https:\/\/eric.univ-lyon2.fr\/jdarmont\/index.php?rest_route=\/wp\/v2\/pages\/47\/revisions\/8929"}],"wp:attachment":[{"href":"https:\/\/eric.univ-lyon2.fr\/jdarmont\/index.php?rest_route=%2Fwp%2Fv2%2Fmedia&parent=47"}],"curies":[{"name":"wp","href":"https:\/\/api.w.org\/{rel}","templated":true}]}}