{"id":86,"date":"2011-03-28T13:36:14","date_gmt":"2011-03-28T13:36:14","guid":{"rendered":"http:\/\/eric.univ-lyon2.fr\/~jdarmont\/wp\/?page_id=86"},"modified":"2025-03-21T09:41:17","modified_gmt":"2025-03-21T07:41:17","slug":"cv-resume","status":"publish","type":"page","link":"https:\/\/eric.univ-lyon2.fr\/jdarmont\/?page_id=86","title":{"rendered":"CV r\u00e9sum\u00e9"},"content":{"rendered":"<div class=\"conteneur\">\n<div class=\"col_gauche\">\n<!-- Membre des associations :  <a href=\"https:\/\/sigmod.org\">ACM SIGMOD<\/a>, <a href=\"http:\/\/www.kdd.org\/\">ACM SIGKDD<\/a>, <a href=\"http:\/\/www.computer.org\/\">IEEE Computer Society<\/a>, <a href=\"http:\/\/www.societe-informatique-de-france.fr\/\">SIF<\/a>, <a href=\"http:\/\/www.specifcampus.fr\/\">SPECIF Campus<\/a>, ExQI--><\/p>\n<h3>2024+<\/h3>\n<p>Directeur de l&rsquo;<a href=\"https:\/\/icom.univ-lyon2.fr\">Institut de la communication<\/a>, <a href=\"https:\/\/web.archive.org\/web\/20250319120257\/https:\/\/www.univ-lyon2.fr\/\">Universit\u00e9 Lyon 2<\/a><\/p>\n<h3>2022+<\/h3>\n<p>External lecturer, <a href=\"https:\/\/www.ku.ac.th\">Kasetsart University<\/a> graduate school, Master of Engineering in Computer Engineering, Tha\u00eflande<\/p>\n<h3>2021-2024<\/h3>\n<p>Directeur adjoint de l&rsquo;<a href=\"https:\/\/icom.univ-lyon2.fr\">Institut de la communication<\/a>, <a href=\"https:\/\/web.archive.org\/web\/20250319120257\/https:\/\/www.univ-lyon2.fr\/\">Universit\u00e9 Lyon 2<\/a><\/p>\n<h3>2017+<\/h3>\n<p>Professeur Honoris Causa de l&rsquo;<a href=\"http:\/\/www.hneu.edu.ua\">Universit\u00e9 Nationale d&rsquo;&Eacute;conomie de Kharkiv Simon Kuznets<\/a>, Ukraine<\/p>\n<h3>2016+<\/h3>\n<p>Membre du <a href=\"http:\/\/imu.universite-lyon.fr\/\">LabEx IMU<\/a><\/p>\n<h3>2012-2021<\/h3>\n<p>Directeur du laboratoire <a href=\"https:\/\/eric.msh-lse.fr\">ERIC<\/a><br \/>\n<!-- -->\n<\/div>\n<div class=\"col_droite\">\n<a href=\"https:\/\/eric.univ-lyon2.fr\/jdarmont\/?attachment_id=8814\" rel=\"attachment wp-att-8814\"><img decoding=\"async\" src=\"https:\/\/eric.univ-lyon2.fr\/jdarmont\/wp-content\/uploads\/2025\/02\/ICOMEquipe-6982-small.jpg\" alt=\"J\u00e9r\u00f4me 2025\" width=\"200\" class=\"alignright size-full wp-image-551\" \/><\/a><br \/>\n<\/a><\/p>\n<div style=\"text-align: center\"><\/div>\n<\/div>\n<\/div>\n<p><!-- --><\/p>\n<h3>2013-2014<\/h3>\n<p>Administrateur provisoire de l&rsquo;<a href=\"https:\/\/icom.univ-lyon2.fr\">Institut de la communication<\/a>, <a href=\"https:\/\/web.archive.org\/web\/20250319120257\/https:\/\/www.univ-lyon2.fr\/\">Universit\u00e9 Lyon 2<\/a><\/p>\n<h3>2010-2012<\/h3>\n<p>Responsable de l&rsquo;axe ENA-DC et membre du conseil de direction du laboratoire <a href=\"..\/..\/..\/\">ERIC<\/a><\/p>\n<h3>2008+<\/h3>\n<p>Professeur des universit\u00e9s, <a href=\"https:\/\/cnu27.univ-lille.fr\/\">Section CNU 27<\/a> (Informatique), <a href=\"https:\/\/web.archive.org\/web\/20250319120257\/https:\/\/www.univ-lyon2.fr\/\">Universit\u00e9 Lumi\u00e8re Lyon 2<\/a><\/p>\n<h3>2006<\/h3>\n<p id=\"hdr\"><a href=\"https:\/\/eric.univ-lyon2.fr\/jdarmont\/publications\/#hdr06\">Habilitation \u00e0 Diriger des Recherches<\/a>, Sp\u00e9cialit\u00e9 Informatique,  <a href=\"https:\/\/www.univ-lyon2.fr\/\">Universit\u00e9 Lumi\u00e8re Lyon 2<\/a><\/p>\n<h3>2003-2010<\/h3>\n<p>Directeur du D\u00e9partement Informatique et Statistique de la  <a href=\"https:\/\/web.archive.org\/web\/20190802214724\/https:\/\/eco.univ-lyon2.fr\/\">Facult\u00e9 de Sciences \u00c9conomiques et de Gestion<\/a>, <a href=\"https:\/\/web.archive.org\/web\/20250319120257\/https:\/\/www.univ-lyon2.fr\/\">Universit\u00e9 Lumi\u00e8re Lyon 2<\/a><\/p>\n<h3>2000-2008<\/h3>\n<p>Responsable du p\u00f4le Bases de Donn\u00e9es D\u00e9cisionnelles (BDD) du laboratoire <a href=\"..\/..\/..\/\">ERIC<\/a><\/p>\n<h3>1999-2008<\/h3>\n<p>Ma\u00eetre de conf\u00e9rences, <a href=\"https:\/\/web.archive.org\/web\/20250319120257\/https:\/\/www.univ-lyon2.fr\/\">Universit\u00e9 Lumi\u00e8re Lyon 2<\/a><\/p>\n<h3>1999<\/h3>\n<p><a href=\"https:\/\/eric.univ-lyon2.fr\/jdarmont\/publications\/#these99\">Doctorat d&rsquo;Universit\u00e9<\/a>, Sp\u00e9cialit\u00e9 Informatique,  <a href=\"https:\/\/www.uca.fr\/\">Universit\u00e9 Blaise Pascal &#8211; Clermont-Ferrand II<\/a><\/p>\n<h3>1995-1996<\/h3>\n<p>Service national, DRAC Auvergne, Service R\u00e9gional de  l&rsquo;Arch\u00e9ologie, Clermont-Ferrand<\/p>\n<h3>1994<\/h3>\n<p><a href=\"https:\/\/eric.univ-lyon2.fr\/jdarmont\/publications\/#dea94\">DEA Informatique et Ing\u00e9nierie<\/a>, Option Informatique des Syst\u00e8mes de Production,  <a href=\"https:\/\/www.uca.fr\/\">Universit\u00e9 Blaise Pascal Clermont-Ferrand II<\/a> &#8211; Stage au <a href=\"http:\/\/www.cs.ou.edu\/%7Edatabase\/\">Laboratoire de Bases de Donn\u00e9es<\/a>,  <a href=\"http:\/\/www.cs.ou.edu\/\">Facult\u00e9 d&rsquo;Informatique<\/a>,  <a href=\"http:\/\/www.ou.edu\/\">Universit\u00e9 d&rsquo;Oklahoma<\/a>, USA<\/p>\n<p>Dipl\u00f4me d&rsquo;Ing\u00e9nieur en G\u00e9nie Informatique,  <a href=\"https:\/\/www.polytech-reseau.org\/polytech-clermont\/\">ISI-CUST<\/a>, Clermont-Ferrand &#8211; Stage au sein de l&rsquo;entreprise SAGEM Allumage, Sainte-Florine<\/p>\n<h3>1991<\/h3>\n<p>DEUG A, Science des Structures de la Mati\u00e8re,  <a href=\"http:\/\/www.u-bourgogne.fr\/\">Universit\u00e9 de Bourgogne<\/a>, Dijon<\/p>\n<h3>1989<\/h3>\n<p>Baccalaur\u00e9at s\u00e9rie C, <a title=\"Lam\" href=\"https:\/\/lyc-lamartine-macon.eclat-bfc.fr\/\">Lyc\u00e9e Lamartine<\/a>, M\u00e2con<\/p>\n","protected":false},"excerpt":{"rendered":"<p>2024+ Directeur de l&rsquo;Institut de la communication, Universit\u00e9 Lyon 2 2022+ External lecturer, Kasetsart University graduate school, Master of Engineering in Computer Engineering, Tha\u00eflande 2021-2024 Directeur adjoint de l&rsquo;Institut de la communication, Universit\u00e9 Lyon 2 2017+ Professeur Honoris Causa de l&rsquo;Universit\u00e9 Nationale d&rsquo;&Eacute;conomie de Kharkiv Simon Kuznets, Ukraine 2016+ Membre du LabEx IMU 2012-2021 Directeur\u2026 <span class=\"read-more\"><a href=\"https:\/\/eric.univ-lyon2.fr\/jdarmont\/?page_id=86\">Read More &raquo;<\/a><\/span><\/p>\n","protected":false},"author":7,"featured_media":0,"parent":0,"menu_order":4000,"comment_status":"closed","ping_status":"open","template":"","meta":{"footnotes":"","_links_to":"","_links_to_target":""},"class_list":["post-86","page","type-page","status-publish","hentry"],"_links":{"self":[{"href":"https:\/\/eric.univ-lyon2.fr\/jdarmont\/index.php?rest_route=\/wp\/v2\/pages\/86","targetHints":{"allow":["GET"]}}],"collection":[{"href":"https:\/\/eric.univ-lyon2.fr\/jdarmont\/index.php?rest_route=\/wp\/v2\/pages"}],"about":[{"href":"https:\/\/eric.univ-lyon2.fr\/jdarmont\/index.php?rest_route=\/wp\/v2\/types\/page"}],"author":[{"embeddable":true,"href":"https:\/\/eric.univ-lyon2.fr\/jdarmont\/index.php?rest_route=\/wp\/v2\/users\/7"}],"replies":[{"embeddable":true,"href":"https:\/\/eric.univ-lyon2.fr\/jdarmont\/index.php?rest_route=%2Fwp%2Fv2%2Fcomments&post=86"}],"version-history":[{"count":60,"href":"https:\/\/eric.univ-lyon2.fr\/jdarmont\/index.php?rest_route=\/wp\/v2\/pages\/86\/revisions"}],"predecessor-version":[{"id":8873,"href":"https:\/\/eric.univ-lyon2.fr\/jdarmont\/index.php?rest_route=\/wp\/v2\/pages\/86\/revisions\/8873"}],"wp:attachment":[{"href":"https:\/\/eric.univ-lyon2.fr\/jdarmont\/index.php?rest_route=%2Fwp%2Fv2%2Fmedia&parent=86"}],"curies":[{"name":"wp","href":"https:\/\/api.w.org\/{rel}","templated":true}]}}